be 5*((-3)/(-15) - 1). Let i(k) be the second derivative of -7*k**3/6 - 3*k**2 + k. Let j be i(v). Calculate the greatest common divisor of j and 11.
11
Suppose 60 = 3*g - 2*q + 5*q, 65 = 4*g + q. What is the greatest common divisor of 30 and g?
15
Let r be 3/((-2)/4 + 27/50). What is the greatest common factor of 15 and r?
15
Let z(d) = 155*d**2 + d - 2. Let f be z(1). Let l = 49 - 35. What is the highest common factor of f and l?
14
Let o be 2748/10 - (-9)/45. Calculate the greatest common factor of o and 25.
25
Suppose 17*y - 880 = 13*y. Calculate the highest common divisor of 20 and y.
20
Suppose -3*g = -g - 276. Let m be g/(-4)*4/(-6). Let y = m - -67. What is the greatest common divisor of 10 and y?
10
Suppose -108 = -9*l + 72. Calculate the greatest common divisor of l and 10.
10
Let y(k) = 3*k + 20. Let a be y(-3). Calculate the highest common divisor of 77 and a.
11
Suppose -2*a = -41 - 21. Suppose d = 2*t - a, 3*t - d = -0*d + 44. What is the greatest common factor of 65 and t?
13
Let a(m) = -m - 6. Let f be a(-9). Let i(b) = b**3 - 3*b**2 + b**f + b**3 - b**3. Let q be i(2). Calculate the greatest common divisor of q and 12.
4
Let v(a) = 3*a**2 + 3*a - 1. Let r be v(2). What is the greatest common divisor of r and 136?
17
Let r(m) be the second derivative of 2*m**3 - 3*m**2 + 4*m. Let a be r(6). What is the greatest common factor of 11 and a?
11
Let c(v) = -3*v - 11. Let q be c(-7). Suppose q = -3*s + 52. What is the greatest common factor of 7 and s?
7
Let v be 4*2*(15 + -13). Calculate the greatest common divisor of 112 and v.
16
Let n = -4 + 8. Suppose -n*y + 408 = 88. Calculate the greatest common divisor of 16 and y.
16
Let u(v) = -48*v + 14. Let w be u(-2). Calculate the greatest common factor of 10 and w.
10
Suppose 5 = 2*r + 3*r. Let d be -26*(r + -2) - 1. Suppose 0 = -3*m + 77 + d. Calculate the highest common factor of m and 85.
17
Let k = -12 + 6. Let g(m) = m**3 + 5*m**2 - 8*m + 1. Let d be g(k). Calculate the greatest common factor of d and 13.
13
Let d(z) = z**2 + 10*z - 8. Let r be d(-11). Suppose i = -r*i. Suppose i = n - 4, -q + 5*q + 5*n = 128. Calculate the highest common factor of q and 9.
9
Suppose -3*g = -5*d + 295, -5 = -3*d + 3*g + 178. What is the greatest common divisor of d and 42?
14
Let j = -14 + 44. Suppose 3*p - 2*k - 186 = -p, -6 = 2*k. Calculate the highest common factor of p and j.
15
Suppose a - 6*a - 5*r = 0, -2*a - 20 = -2*r. Let p = 17 + a. What is the greatest common divisor of 36 and p?
12
Let q = -1 + 0. Let a = q - -5. Let s be 423/a + (-6)/8. What is the greatest common factor of 15 and s?
15
Let z be ((-2)/3)/(604/204 - 3). Let n(k) = 5*k**2 + 3*k. Let o be n(-4). Calculate the greatest common factor of z and o.
17
Let w = -170 - -544. Calculate the highest common factor of w and 34.
34
Let x(m) = -4*m + 1 + 4 - 3 + 15*m**2. Let c be x(2). What is the highest common divisor of 18 and c?
18
Let w(m) = -m**2 - 10*m + 11. Let n be w(-9). What is the highest common factor of n and 20?
20
Suppose -3*g = -134 - 154. Let b be 4/6 - g/(-18). Suppose -4*o - p + 51 = 0, o - 4*p + 72 = b*o. What is the highest common divisor of o and 30?
6
Let g(u) = -u**3 - 15*u**2 + 16*u + 16. Let y be g(-16). Calculate the highest common divisor of 48 and y.
16
Let g be 2*(-10)/(2 + -3). Suppose -p + g = 4*p. Suppose -2 - p = -3*q. What is the highest common factor of q and 16?
2
Let h = 10 + -20. Suppose -a = 3*r - 5*a - 14, 5*r - 12 = a. Let d be (h/r)/((-3)/3). Calculate the highest common factor of 5 and d.
5
Let h be 3 - (-4 - (-5 + 1)). Suppose h*x + 178 = b, -2*x - 499 - 243 = -4*b. What is the greatest common factor of b and 17?
17
Suppose -2*p - 2*o - 13 + 47 = 0, o = p - 11. Calculate the highest common factor of 112 and p.
14
Let w = 3 - 0. Suppose -5*o = 4*h - 4, 2*h = 4*o - w*o - 12. Let f be (-2 + o - -34) + 0. What is the highest common factor of 12 and f?
12
Suppose 4*c - f - 574 = -0*f, 2*f = -4*c + 568. Calculate the highest common factor of c and 13.
13
Let i be 8/(-3)*6/(-4). Let z = i + 7. What is the highest common divisor of 22 and z?
11
Let o(k) be the second derivative of k**4/4 + k**2/2 + k. Let x be o(1). Suppose -19 = -x*h + 109. What is the highest common divisor of h and 8?
8
Suppose -p + 0 + 11 = 0. Suppose 4*u = j - 71, 5*u - 47 = -j + 3*u. Calculate the greatest common divisor of p and j.
11
Let x(c) = c**3 + 11*c**2 + 8*c - 20. Let b be x(-7). What is the highest common factor of b and 24?
24
Suppose -4*a = -c + 24, a - 19 = -3*c + 27. Suppose c + 0 = 4*h. Let p be 4/((-2)/(-44)*2). What is the highest common factor of h and p?
4
Suppose 0 = -3*i + 4 + 2. Let a be (-34)/(-10) - (-26)/(-65). Suppose h + i*h = q + 26, -a*q = 15. Calculate the greatest common divisor of 49 and h.
7
Suppose 4*p - 6 = 2*p - 2*a, 0 = 3*a. Suppose -4*t + p = -9. Suppose -q + 6 + 90 = 4*b, q = 0. Calculate the greatest common factor of t and b.
3
Let c(z) = z + 6. Let g be c(-3). Calculate the highest common divisor of g and 27.
3
Let p = 7 + -4. Suppose 2*d = -2*a + 32, -5*a + 4*d + 38 = -p*a. Suppose z - 50 = -3*r, 2*r + 2*z + z = 31. What is the greatest common factor of a and r?
17
Suppose 2*s = -5*w + 53, 0*w = 5*w - 2*s - 37. Suppose -7*n + 222 = -93. Calculate the greatest common divisor of w and n.
9
Let w be -1*2/2*-13. What is the highest common divisor of w and 39?
13
Suppose -9*t + 5*t + 1104 = 0. What is the greatest common factor of t and 12?
12
Suppose 0 + 8 = 4*p. Let m be (p + 0)/(3/33). Calculate the greatest common divisor of 44 and m.
22
Let d = 10 - 11. Let m be d/(2/(-52)) - 3. What is the highest common divisor of 207 and m?
23
Let i be (0 + 1)*(42 - 2). Calculate the greatest common factor of 16 and i.
8
Let j(h) = 6*h - 4. Let p be j(4). Let y = p - 14. What is the highest common factor of 48 and y?
6
Let k = -1 + 10. Suppose -5*m + k = -6. Suppose -242 = -m*f + v, 6*v - 312 = -4*f + 2*v. What is the highest common factor of f and 8?
8
Let v be (20/6)/((-30)/(-45)). Let q be -3 + (v - -1) - -29. Calculate the greatest common factor of q and 4.
4
Let l(d) be the second derivative of -d**3/6 + 5*d**2/2 - d. Let t be l(4). What is the greatest common factor of t and 3?
1
Suppose -4*w = -7 - 13. Suppose 3*h - 2 = 10, -h - 51 = -w*j. Calculate the greatest common divisor of j and 55.
11
Let d = -80 - -115. Suppose 0 = -5*z - 15 + d. What is the highest common divisor of z and 20?
4
Let c be 1/(-6) - (-26)/12. Let m(n) = -n**3 - 2*n**2 + 2*n + 3. Let l be m(-3). Calculate the highest common factor of l and c.
2
Let v = 18 + -8. Let f be 130/(-18) - (-14)/63. Let a(g) = -4*g - 3. Let x be a(f). What is the highest common divisor of v and x?
5
Suppose 5*g - 82 + 282 = 0. Let j = 139 + g. What is the highest common factor of 11 and j?
11
Let i be (-28)/70 + (-172)/(-5). What is the greatest common factor of 170 and i?
34
Suppose -n - 10*n = -319. What is the highest common divisor of 261 and n?
29
Let v = 1 + 1. Suppose -v*s - 11 = -3*s. What is the highest common divisor of s and 11?
11
Suppose -v + 2*c = 6, 3*v + v - 5*c = -36. Let n be (-150)/(-14) + (-4)/v. Calculate the greatest common factor of 121 and n.
11
Let u = -13 + 9. Let i = u + 4. Suppose i = -q + 3 + 3. Calculate the highest common factor of 30 and q.
6
Let l be (-2 + (-20)/(-8))/((-3)/(-360)). What is the greatest common factor of 24 and l?
12
Suppose g + 2*g = -2*k + 186, 2*g = 4. Let j be 0 + 1 - 35/(-1). Calculate the highest common factor of j and k.
18
Let o = -80 + 184. What is the greatest common factor of o and 13?
13
Let h(c) = -3*c + 1. Let r = 4 + -5. Let w be h(r). Suppose -4*i - 1 = -5*i. Calculate the greatest common factor of i and w.
1
Let j be 64/6 + 4/(-6). Suppose -5*y = -3*v - 2*v + 40, -5*v - y + 16 = 0. Suppose -5*x + 6 = -v*x + d, 1 = d. Calculate the highest common factor of j and x.
5
Suppose -4*n + 35 = -m, 5*n - 48 = -5*m + 2. Suppose 5*g = 5 + 10, 0 = -4*f + 2*g + 2. Let u = 11 - f. What is the highest common factor of u and n?
9
Let z = 0 - 68. Let b = 120 + z. Suppose 8*k - 4*k = b. Calculate the greatest common divisor of 117 and k.
13
Suppose 2*t + 20 = 132. Let g(f) = f**2 + 1. Let k be g(-1). Suppose 3*j - 25 = -k*d, 5*d = -0*d + 4*j + 28. What is the greatest common divisor of t and 